*l - 36. Suppose l = 4*x - 11. What is the units digit of x?
5
Suppose -b = 2*a - 23, a - b = -0*b + 13. What is the units digit of (a/7)/((-1)/(-7))?
2
Suppose 0 = 2*n - n. Suppose n = -4*q + 4 + 4. Let x = 15 - q. What is the units digit of x?
3
Let p(v) = 4*v**2 + 2*v + 10. What is the tens digit of p(-4)?
6
Let l(n) = -n**3 + 6*n**2 - 4*n - 2. Let j be l(5). Suppose 0 = 4*k + 5*u - 30, k + 5*u = j*k. What is the units digit of 0/k - 9*-1?
9
Suppose -3*q + 6 = 3*p, -q - 2 = -0*q - p. Let d(k) = -k + 12. Let c be d(9). Suppose -2*m - 4*x + 10 = -6*x, -c*m + 4*x + 14 = q. What is the units digit of m?
6
Suppose -4*w - 3 = -7, 0 = 5*s - 4*w - 1166. What is the hundreds digit of s?
2
Let a(l) = -1. Let u(n) = -2*n - 18. Let g(t) = 8*a(t) - u(t). What is the tens digit of g(5)?
2
Suppose -2*l + 133 = 21. What is the units digit of l?
6
Suppose -13 - 3 = -4*p. Suppose c + p*c - 10 = 0. What is the units digit of (-5)/c*(-4 + 2)?
5
Let g be (18/3)/3 + 23. Let v be (30/g)/(3/50). Suppose 0 = 2*c - v. What is the units digit of c?
0
Let g be 3/((-30)/(-8) - 3). Suppose 3*j + 13 = g*j. What is the tens digit of j?
1
Let z = 20 - -2. Suppose 5*r = 5 - 55. Let w = z + r. What is the tens digit of w?
1
Suppose -1 = -4*r + 3*r. What is the units digit of r/(-2)*(-4 + -4)?
4
Suppose -12*i = -9*i - 408. What is the tens digit of i?
3
Let a = 51 - 19. Suppose -5*v - s - a = -167, 2*v - 61 = s. What is the tens digit of v?
2
Let a = -64 + 137. What is the tens digit of a?
7
Let s be 49*((-8)/(-1) - 0). Suppose u + 7*u = s. What is the units digit of u?
9
Let r(p) = 5*p**3 - 3*p**2 + 4*p - 3. What is the tens digit of r(2)?
3
Let q be -18 + 1*-2 + 0. Let f be q/(0 - (-4)/(-6)). Suppose -f = -2*a - 4*w, -3*w = -3*a + w - 5. What is the units digit of a?
5
Suppose 0 = -8*b + 4*b + 124. What is the units digit of b?
1
Let g(x) be the first derivative of x**4/4 - 2*x**3 + 5*x**2/2 + 4*x - 1. What is the units digit of g(5)?
4
Let o be (-1)/(-2 + 87/45). Let h = o + 18. What is the units digit of h?
3
Suppose 0 = 5*y + 4*u - 1615, 5*y - 1615 = -u + 4*u. What is the hundreds digit of y?
3
Let h be (-14)/63 + (-16)/9. Let q = 0 - h. Suppose 2*r = -4*l + 18, r - l - 8 = -q*l. What is the units digit of r?
7
Let v(c) = c - 5. Let z = 27 + -19. Let g be v(z). Suppose -8 = m + 3*s - 30, -g*s = -9. What is the tens digit of m?
1
Let d be -8*(3/2)/(-3). Suppose 0 = -d*n + 66 - 18. What is the tens digit of n?
1
Let m = -2 + 35. What is the tens digit of m?
3
Let b = -2 + 6. Let v be 8/(-3)*(-21)/b. Let j = 25 - v. What is the units digit of j?
1
Suppose 0 = -x + 4 - 2. Suppose -2*u - 3*n + 1 = -3, -2*u - 4*n + x = 0. Suppose -u*g + 34 = -1. What is the units digit of g?
7
Let g(v) = 3*v**2 - 12*v + 6. What is the units digit of g(5)?
1
Let t(d) = d**3 - 6*d**2 - 8*d - 5. Let b be t(7). What is the tens digit of 6/b + 33/2?
1
Let k be (6/(-1))/((-15)/10). Let l = -16 + 16. Suppose l*n = -k*n + 4. What is the units digit of n?
1
Let q = -8 - -7. Let x be 354/(2 - q) - 0. Suppose 5*o + 33 - x = 0. What is the units digit of o?
7
What is the units digit of ((-3)/2)/(-6*6/1824)?
6
Let g be ((-72)/3)/(2/4). Let w be g/30*(-5)/2. Suppose -r - 6 = -w*q - 0, -3*r = q - 47. What is the tens digit of r?
1
Let z(h) = 0*h + 2 + h + h - 3. What is the units digit of z(4)?
7
Let d(i) be the third derivative of -i**6/120 + 3*i**5/20 - 3*i**4/8 + 2*i**3 + 2*i**2. What is the units digit of d(8)?
4
What is the units digit of (54/4)/(1/2)?
7
Let p = 617 + -362. What is the tens digit of p?
5
Let k be (-11)/(-2)*(-8 + 10). Let n(c) = c**3 - 11*c**2 + 4*c - 2. What is the units digit of n(k)?
2
Suppose d = 7*d - 138. What is the units digit of d?
3
Suppose -4*r + 0*z = 2*z - 370, 3*z = 2*r - 165. What is the tens digit of r?
9
Let w(u) = 13*u. Let a be w(1). Let z(g) = -15*g**2 + 21*g - 17. Let f(y) = -7*y**2 + 10*y - 8. Let t(i) = a*f(i) - 6*z(i). What is the units digit of t(3)?
1
Let u = 26 - 13. What is the tens digit of u?
1
Let q = -29 - -84. What is the tens digit of q?
5
Let b(z) = -z**2 - 5*z. Suppose u + 10 = -3*n, 0*u = -2*n - u - 6. Let x be b(n). Suppose 2*f + 2*f = x. What is the units digit of f?
1
Let a(u) = 5*u**3 - 1. Let b be a(1). Let i(q) = -52*q + 46*q - 4 - 6*q**2 - 3*q**3 + b*q**3. What is the units digit of i(7)?
3
Let f = 45 - -12. What is the units digit of f?
7
Let a = -4 - -8. What is the units digit of a/(-5) + 58/10?
5
Suppose 5*v = 3*r - 2, -5*r = 3*v - 0*v + 8. Let p = 242 - 422. What is the units digit of v/5 - p/25?
7
What is the units digit of ((-22)/8)/((-7)/168)?
6
Suppose -i - z + 16 = -0*i, -2*z - 31 = -i. What is the tens digit of i?
2
Suppose 0 = 2*b - 0*b - 38. What is the units digit of b?
9
Let l(t) = -t**2 - 11*t + 23. What is the tens digit of l(-11)?
2
Let j be 44 - (-6 - (-7 + 3)). Suppose 0 = 3*w + 5*a - j + 10, 4*w - a - 48 = 0. What is the tens digit of w?
1
Suppose 0*c = -7*c + 539. What is the units digit of c?
7
Suppose -4*j + 157 = -179. What is the tens digit of j?
8
What is the units digit of 7 + -2 - (-1 - 2)?
8
Let n(s) = -s**2 + 6*s + 4. Let k be n(6). Suppose -b = 5*j + 5, k*b - b = -2*j + 37. Suppose -5*w = -0*w - b. What is the units digit of w?
3
Let f = 3 + -2. What is the units digit of f?
1
Suppose h + 1 = 0, -c - 5*h + 167 = -3*h. What is the units digit of c?
9
Suppose 5*k - 158 = 57. What is the tens digit of k?
4
Suppose -7*j + 165 = -2*j. What is the units digit of j?
3
What is the units digit of (-1396)/8*4/(-2)?
9
Let p = -138 + 194. What is the units digit of p?
6
Let s(f) = 3 - 3*f**3 + 2*f**3 + 11*f**2 + f**3 - f**3. What is the units digit of s(11)?
3
Let k(o) = -o**2 - 9*o - 3. Let x be k(-8). Let c(i) = -i**3 + 4*i**2 + 7*i - 4. Let f be c(x). Suppose -2*a + f = -2. What is the units digit of a?
4
Suppose -18 = -0*i + 3*i. Let b be i/15 - (-28)/(-5). What is the units digit of (b/5)/((-18)/120)?
8
Let k be (-1)/(-3) + (-150)/(-9). Let m = -80 - -117. Let z = m - k. What is the tens digit of z?
2
Let n(u) = -u**3 - 18*u**2 + 5*u - 33. What is the units digit of n(-19)?
3
Let z be (-2 - -2)*(-4 - -3). Suppose 70 = 5*s - 5*q, -s + 4*q + 5 + 15 = z. What is the tens digit of s?
1
Let y = 4 - -55. What is the tens digit of y?
5
Suppose -3*v + 181 = -2*o + 42, 2*o = -2*v + 96. What is the units digit of v?
7
Suppose 3*q + 38 = 2*p, 0 = -6*p + p - 3*q + 95. What is the units digit of p?
9
Let w(p) = 4*p**2 - 1 + 0*p**2 - p**2 - 4*p. What is the units digit of w(3)?
4
Let n(f) = -2*f**2 + 4*f - 3. Let y be n(2). Let g(a) = 5*a + 2. Let d be g(3). Let o = d + y. What is the tens digit of o?
1
Let h = -2 + 5. Suppose 0 = -4*n + h*n + 11. What is the tens digit of n?
1
What is the tens digit of -3*178/(-8)*(-20)/(-15)?
8
Suppose -2 = -3*l + 7. Suppose -125 = -l*w - 2. What is the units digit of w?
1
Let m be 4 + 0/2 - -4. Suppose -m*j + 186 = -2*j. What is the tens digit of j?
3
Let u be 2/3 + (-52)/(-12). What is the units digit of 52/20 - (-2)/u?
3
Let d = 11 - 18. Let i = -2 - d. What is the units digit of i?
5
Suppose -3*c + 6*c - 24 = 0. Suppose -2*t + 10 = -c. What is the units digit of t?
9
Let o = 31 - 5. What is the units digit of 2/(-12) + o/12?
2
Let d(v) = -2*v**3 - v**2 + v + 1. Let q(p) = p**3 + 6*p**2 - 8*p - 9. Let j be q(-7). What is the units digit of d(j)?
1
Let i = -7 + 20. What is the tens digit of i?
1
Let b(a) be the first derivative of -a**5/120 - a**4/6 + 2*a**3/3 + 2. Let m(j) be the third derivative of b(j). What is the units digit of m(-7)?
3
Let y be 3 - (-3)/(-3) - -25. Suppose -2*h = h - y. What is the units digit of h?
9
Suppose 3*d - 2 = -3*j + 25, -36 = -5*d + 4*j. What is the units digit of d?
8
Suppose 20 = 3*s + s. Suppose -14 = b - 2*k - 5, -2*b - 21 = -s*k. Let c = b - -6. What is the units digit of c?
3
Let r(t) = -t**3 + 10*t**2 + 15*t + 1. Let f be r(11). Suppose 3*h = -d + 25, -3*h = -2*d - 8*h + f. What is the units digit of d?
0
Suppose -3*f - 4 = -1. Let a be (-4)/(((-6)/(-9))/f). What is the units digit of (-26)/(-6) + 4/a?
5
Suppose -3 = 6*o - 3*o. What is the tens digit of (6/(-8))/(o/16)?
1
Let g(y) = 7*y. Let s be g(1). Suppose -2*u - u = 0. Let f = s + u. What is the units digit of f?
7
Let w(s) = 5*s + 4. Let l be w(-3). What is the units digit of 2*l/4*-2?
1
Let j b